{"id":773,"date":"2016-07-19T11:08:31","date_gmt":"2016-07-19T10:08:31","guid":{"rendered":"http:\/\/www.ama-idf.com\/professionnel\/?page_id=773"},"modified":"2016-07-19T15:00:14","modified_gmt":"2016-07-19T14:00:14","slug":"les-mentions-legales","status":"publish","type":"page","link":"http:\/\/www.ama-idf.com\/professionnel\/les-mentions-legales\/","title":{"rendered":"Les mentions l\u00e9gales"},"content":{"rendered":"<h3>Les mentions l\u00e9gales<\/h3>\n<p>&nbsp;<\/p>\n<p><img data-recalc-dims=\"1\" loading=\"lazy\" decoding=\"async\" data-attachment-id=\"780\" data-permalink=\"http:\/\/www.ama-idf.com\/professionnel\/les-mentions-legales\/ama-mentions-legales\/\" data-orig-file=\"https:\/\/i0.wp.com\/www.ama-idf.com\/wp-content\/uploads\/2016\/07\/ama-mentions-legales.jpg?fit=1667%2C968\" data-orig-size=\"1667,968\" data-comments-opened=\"1\" data-image-meta=\"{&quot;aperture&quot;:&quot;0&quot;,&quot;credit&quot;:&quot;&quot;,&quot;camera&quot;:&quot;&quot;,&quot;caption&quot;:&quot;&quot;,&quot;created_timestamp&quot;:&quot;0&quot;,&quot;copyright&quot;:&quot;&quot;,&quot;focal_length&quot;:&quot;0&quot;,&quot;iso&quot;:&quot;0&quot;,&quot;shutter_speed&quot;:&quot;0&quot;,&quot;title&quot;:&quot;8&quot;,&quot;orientation&quot;:&quot;1&quot;}\" data-image-title=\"ama-mentions-legales\" data-image-description=\"&lt;p&gt;ama-mentions-legales&lt;\/p&gt;\n\" data-image-caption=\"\" data-large-file=\"https:\/\/i0.wp.com\/www.ama-idf.com\/wp-content\/uploads\/2016\/07\/ama-mentions-legales.jpg?fit=630%2C366\" class=\"aligncenter wp-image-780\" src=\"https:\/\/i0.wp.com\/www.ama-idf.com\/wp-content\/uploads\/2016\/07\/ama-mentions-legales.jpg?resize=630%2C366\" alt=\"ama mentions l\u00e9gales\" width=\"630\" height=\"366\" srcset=\"https:\/\/i0.wp.com\/www.ama-idf.com\/wp-content\/uploads\/2016\/07\/ama-mentions-legales.jpg?w=1667 1667w, https:\/\/i0.wp.com\/www.ama-idf.com\/wp-content\/uploads\/2016\/07\/ama-mentions-legales.jpg?w=1260 1260w\" sizes=\"auto, (max-width: 630px) 100vw, 630px\" \/><\/p>\n<p>&nbsp;<\/p>\n<p>Date de derni\u00e8re mise \u00e0 jour\u00a0:\u00a019 juillet 2016<\/p>\n<p>Mentions l\u00e9gales: Le site internet AMA Ile-de-France Site Professionnel\u00a0est \u00e9dit\u00e9 par la soci\u00e9t\u00e9\u00a0<strong>AMA Ile-de-France, <\/strong>SARL, immatricul\u00e9e au Registre du Commerce et des Soci\u00e9t\u00e9s de PONTOISE sous le num\u00e9ro RCS 377 733 548.<\/p>\n<ul>\n<li>Si\u00e8ge social :\u00a0174\/176 Boulevard Joffre 95240 Cormeilles-en-parisis.<\/li>\n<li>SIRET :\u00a0377 733 548 000 20<\/li>\n<li>Email :\u00a0ama@ama-idf.com<\/li>\n<li>Directeur de publication :\u00a0Alain Lepan<\/li>\n<\/ul>\n<p>Application Mat\u00e9riels Automatismes (AMA) Paris \u00cele-de-France\u00a0est une marque d\u00e9pos\u00e9e.<\/p>\n<p>Enseigne: AMA Paris Nord<\/p>\n<p>N\u00b0 de TVA intracommunautaire : FR 96377733548<\/p>\n<p>Le site est h\u00e9berg\u00e9 par : OVH \u2013 2 rue Kellermann \u2013 59100 Roubaix \u2013 France<\/p>\n<p class=\"bodytext\">Responsable de la r\u00e9daction : Matthieu Lepan<\/p>\n<h3>Propri\u00e9t\u00e9 Intellectuelle \u2013 Droit d\u2019auteur &#8211; Copyright<\/h3>\n<p class=\"bodytext\">Le site est prot\u00e9g\u00e9 par le droit d\u2019auteur. L\u2019usage de tout ou partie des sites, notamment par t\u00e9l\u00e9chargement, reproduction, transmission ou repr\u00e9sentation sur tous supports et par tous proc\u00e9d\u00e9s, \u00e0 d\u2019autres fins que pour usage personnel et priv\u00e9 dans un but non commercial est strictement interdit.<\/p>\n<h3>Mise \u00e0 jour du site<\/h3>\n<p class=\"bodytext\">La soci\u00e9t\u00e9 AMA \u00cele-de-France\u00a0se r\u00e9serve le droit de mettre \u00e0 jour \u00e0 tout moment et sans pr\u00e9avis le contenu du site, en fonction de l&rsquo;\u00e9volution du contenu du site et des contraintes suppl\u00e9mentaires de protections n\u00e9cessaires.<\/p>\n<h3>Loi et juridiction applicables<\/h3>\n<p class=\"bodytext\">En cas de diff\u00e9rend r\u00e9sultant de l\u2019acc\u00e8s ou de l\u2019utilisation de ce site Internet, la l\u00e9gislation fran\u00e7aise est seule applicable, et les Tribunaux de Pontoise (95000, France) seuls comp\u00e9tents sauf dispositions contraires imp\u00e9ratives.<\/p>\n","protected":false},"excerpt":{"rendered":"<p>Les mentions l\u00e9gales &nbsp; &nbsp; Date de derni\u00e8re mise \u00e0 jour\u00a0:\u00a019 juillet 2016 Mentions l\u00e9gales: Le site internet AMA Ile-de-France Site Professionnel\u00a0est \u00e9dit\u00e9 par la soci\u00e9t\u00e9\u00a0AMA Ile-de-France, SARL, immatricul\u00e9e au Registre du Commerce et des Soci\u00e9t\u00e9s de PONTOISE sous le num\u00e9ro RCS 377 733 548. Si\u00e8ge social :\u00a0174\/176 Boulevard Joffre 95240 Cormeilles-en-parisis. SIRET :\u00a0377 73330<\/p>\n","protected":false},"author":1,"featured_media":0,"parent":0,"menu_order":18,"comment_status":"closed","ping_status":"closed","template":"","meta":{"_monsterinsights_skip_tracking":false,"_monsterinsights_sitenote_active":false,"_monsterinsights_sitenote_note":"","_monsterinsights_sitenote_category":0,"jetpack_post_was_ever_published":false,"footnotes":""},"class_list":["post-773","page","type-page","status-publish","hentry"],"jetpack_shortlink":"https:\/\/wp.me\/P6sqzA-ct","jetpack-related-posts":[{"id":122,"url":"http:\/\/www.ama-idf.com\/professionnel\/presentation-ama-ile-de-france\/","url_meta":{"origin":773,"position":0},"title":"Pr\u00e9sentation de l\u2019entreprise AMA PARIS \u00cele-de-France","author":"ama@officiel.fr","date":"28 juin 2015","format":false,"excerpt":"\u00a0 Implant\u00e9e \u00e0 Cormeilles-en-Parisis et \u00e0 Massy, AMA PARIS \u00cele-de-France est une entreprise sp\u00e9cialis\u00e9e dans l\u2019installation, la motorisation et la maintenance des \u00e9quipements de fermeture automatique et des syst\u00e8mes de contr\u00f4le d\u2019acc\u00e8s. Fond\u00e9e en 1990, elle s\u2019appuie aujourd\u2019hui sur une \u00e9quipe d\u2019environ trente collaborateurs, r\u00e9unis autour d\u2019un savoir-faire technique reconnu\u2026","rel":"","context":"Avec 2 commentaires","block_context":{"text":"Avec 2 commentaires","link":"http:\/\/www.ama-idf.com\/professionnel\/presentation-ama-ile-de-france\/#comments"},"img":{"alt_text":"","src":"https:\/\/i0.wp.com\/www.ama-idf.com\/wp-content\/uploads\/2026\/01\/AMA_Techniciens.jpg?resize=350%2C200","width":350,"height":200,"srcset":"https:\/\/i0.wp.com\/www.ama-idf.com\/wp-content\/uploads\/2026\/01\/AMA_Techniciens.jpg?resize=350%2C200 1x, https:\/\/i0.wp.com\/www.ama-idf.com\/wp-content\/uploads\/2026\/01\/AMA_Techniciens.jpg?resize=525%2C300 1.5x, https:\/\/i0.wp.com\/www.ama-idf.com\/wp-content\/uploads\/2026\/01\/AMA_Techniciens.jpg?resize=700%2C400 2x, https:\/\/i0.wp.com\/www.ama-idf.com\/wp-content\/uploads\/2026\/01\/AMA_Techniciens.jpg?resize=1050%2C600 3x, https:\/\/i0.wp.com\/www.ama-idf.com\/wp-content\/uploads\/2026\/01\/AMA_Techniciens.jpg?resize=1400%2C800 4x"},"classes":[]},{"id":1114,"url":"http:\/\/www.ama-idf.com\/professionnel\/produits-la-barriere-automatique\/","url_meta":{"origin":773,"position":1},"title":"S\u00e9curisez vos infrastructures avec AMA et LBA","author":"ama@officiel.fr","date":"6 ao\u00fbt 2016","format":false,"excerpt":"Produits La Barri\u00e8re Automatique AMA Paris \u00cele-de-France, sp\u00e9cialiste de l\u2019installation des solutions LBA (leader europ\u00e9en en contr\u00f4le d\u2019acc\u00e8s et s\u00e9curisation p\u00e9rim\u00e9trique).Nous vous accompagnons pour s\u00e9curiser vos flux pi\u00e9tons et v\u00e9hicules avec des \u00e9quipements fiables, durables et conformes. Pourquoi nous choisir ? Une expertise technique,Un mat\u00e9riels performants,De l\u2019\u00e9tude \u00e0 la maintenance,\u2026","rel":"","context":"Article similaire","block_context":{"text":"Article similaire","link":""},"img":{"alt_text":"","src":"","width":0,"height":0},"classes":[]},{"id":1015,"url":"http:\/\/www.ama-idf.com\/professionnel\/produits-faac\/","url_meta":{"origin":773,"position":2},"title":"Automatismes FAAC : Installation et Entretien Expert","author":"ama@officiel.fr","date":"25 juillet 2016","format":false,"excerpt":"Les automatismes FAAC Les produits FAAC sont install\u00e9s et entretenus par la soci\u00e9t\u00e9 AMA Ile-de-France, agr\u00e9\u00e9 FAAC depuis 18 ans. FAAC-CATALOGUE-GENERAL-24 Un agr\u00e9\u00e9 FAAC est un professionnel certifi\u00e9 par FAAC, un leader dans les solutions de motorisation pour portes, portails, barri\u00e8res et automatismes. Voici les principales expertises et services qu\u2019un\u2026","rel":"","context":"Article similaire","block_context":{"text":"Article similaire","link":""},"img":{"alt_text":"","src":"","width":0,"height":0},"classes":[]},{"id":2,"url":"http:\/\/www.ama-idf.com\/professionnel\/contact\/","url_meta":{"origin":773,"position":3},"title":"Contact","author":"ama@officiel.fr","date":"21 juin 2015","format":false,"excerpt":"Contactez-nous Nos agences Agence Paris NordAgence Paris Sud174 Boulevard Joffre95240 Cormeilles en Parisis17, rue du saule trapu91300 Massy Horaires d'ouverture Du Lundi au Vendredi\u00a0: 8h-12h et 14h-18hLe Samedi : 10h-12h30 et 13h30-17h30","rel":"","context":"Article similaire","block_context":{"text":"Article similaire","link":""},"img":{"alt_text":"","src":"","width":0,"height":0},"classes":[]},{"id":165,"url":"http:\/\/www.ama-idf.com\/professionnel\/installation-maintenance\/","url_meta":{"origin":773,"position":4},"title":"Votre expert en automatismes et s\u00e9curit\u00e9 sur mesure en Ile de France","author":"ama@officiel.fr","date":"28 juin 2015","format":false,"excerpt":"Installation Une Installation cl\u00e9 en main : Portes sectionnelles, Portes basculantes, Portes coch\u00e8res, Portes accord\u00e9ons, Portes \u00e0 enroulement rapide rigide ou souple, Portes compacts Portails coulissants sur rails, t\u00e9lescopiques ou autoportants, Portails battants 1 ou 2 vantaux Portails accord\u00e9ons Portillons Portails rapides Bornes escamotables, Herses anti franchissements, Barri\u00e8res Levantes Barri\u00e8res\u2026","rel":"","context":"Avec 7 commentaires","block_context":{"text":"Avec 7 commentaires","link":"http:\/\/www.ama-idf.com\/professionnel\/installation-maintenance\/#comments"},"img":{"alt_text":"","src":"","width":0,"height":0},"classes":[]},{"id":1423,"url":"http:\/\/www.ama-idf.com\/professionnel\/nos-photos-realisation-ama\/","url_meta":{"origin":773,"position":5},"title":"Galerie Photos &#8211; R\u00e9alisation AMA","author":"ama@officiel.fr","date":"7 ao\u00fbt 2016","format":false,"excerpt":"Galerie Photos -\u00a0R\u00e9alisation AMA Voici quelques photos -\u00a0r\u00e9alisation AMA. Toutes les photos pr\u00e9sentent dans cette galerie photo repr\u00e9sentent des solutions automatiques propos\u00e9s et\u00a0install\u00e9s\u00a0par la soci\u00e9t\u00e9 AMA. \u00a0","rel":"","context":"Article similaire","block_context":{"text":"Article similaire","link":""},"img":{"alt_text":"SAPN portail db et auto ATI","src":"https:\/\/i0.wp.com\/www.ama-idf.com\/wp-content\/uploads\/2016\/08\/SAPN-portail-db-et-auto-ATI.jpg?resize=350%2C200","width":350,"height":200,"srcset":"https:\/\/i0.wp.com\/www.ama-idf.com\/wp-content\/uploads\/2016\/08\/SAPN-portail-db-et-auto-ATI.jpg?resize=350%2C200 1x, https:\/\/i0.wp.com\/www.ama-idf.com\/wp-content\/uploads\/2016\/08\/SAPN-portail-db-et-auto-ATI.jpg?resize=525%2C300 1.5x, https:\/\/i0.wp.com\/www.ama-idf.com\/wp-content\/uploads\/2016\/08\/SAPN-portail-db-et-auto-ATI.jpg?resize=700%2C400 2x"},"classes":[]}],"jetpack_sharing_enabled":true,"_links":{"self":[{"href":"http:\/\/www.ama-idf.com\/professionnel\/wp-json\/wp\/v2\/pages\/773","targetHints":{"allow":["GET"]}}],"collection":[{"href":"http:\/\/www.ama-idf.com\/professionnel\/wp-json\/wp\/v2\/pages"}],"about":[{"href":"http:\/\/www.ama-idf.com\/professionnel\/wp-json\/wp\/v2\/types\/page"}],"author":[{"embeddable":true,"href":"http:\/\/www.ama-idf.com\/professionnel\/wp-json\/wp\/v2\/users\/1"}],"replies":[{"embeddable":true,"href":"http:\/\/www.ama-idf.com\/professionnel\/wp-json\/wp\/v2\/comments?post=773"}],"version-history":[{"count":10,"href":"http:\/\/www.ama-idf.com\/professionnel\/wp-json\/wp\/v2\/pages\/773\/revisions"}],"predecessor-version":[{"id":785,"href":"http:\/\/www.ama-idf.com\/professionnel\/wp-json\/wp\/v2\/pages\/773\/revisions\/785"}],"wp:attachment":[{"href":"http:\/\/www.ama-idf.com\/professionnel\/wp-json\/wp\/v2\/media?parent=773"}],"curies":[{"name":"wp","href":"https:\/\/api.w.org\/{rel}","templated":true}]}}