{"id":2,"date":"2015-06-21T19:44:24","date_gmt":"2015-06-21T18:44:24","guid":{"rendered":"http:\/\/ama-idf.com\/?page_id=2"},"modified":"2024-05-17T11:03:10","modified_gmt":"2024-05-17T10:03:10","slug":"contact","status":"publish","type":"page","link":"http:\/\/www.ama-idf.com\/professionnel\/contact\/","title":{"rendered":"Contact"},"content":{"rendered":"\n<div class=\"wp-block-group\"><div class=\"wp-block-group__inner-container is-layout-flow wp-block-group-is-layout-flow\">\n<h2 class=\"has-text-align-center wp-block-heading\">Contactez-nous<\/h2>\n\n\n\n<div class=\"wp-block-group\"><div class=\"wp-block-group__inner-container is-layout-flow wp-block-group-is-layout-flow\">\n<div class=\"wp-block-columns is-layout-flex wp-container-core-columns-is-layout-9d6595d7 wp-block-columns-is-layout-flex\">\n<div class=\"wp-block-column is-layout-flow wp-block-column-is-layout-flow\" style=\"flex-basis:100%\">\n<div class=\"wp-block-columns is-layout-flex wp-container-core-columns-is-layout-9d6595d7 wp-block-columns-is-layout-flex\">\n<div class=\"wp-block-column is-layout-flow wp-block-column-is-layout-flow\">\n<div role=\"form\" class=\"wpcf7\" id=\"wpcf7-f4-o1\" lang=\"fr-FR\" dir=\"ltr\">\n<div class=\"screen-reader-response\"><p role=\"status\" aria-live=\"polite\" aria-atomic=\"true\"><\/p> <ul><\/ul><\/div>\n<form action=\"\/professionnel\/wp-json\/wp\/v2\/pages\/2#wpcf7-f4-o1\" method=\"post\" class=\"wpcf7-form init\" novalidate=\"novalidate\" data-status=\"init\">\n<div style=\"display: none;\">\n<input type=\"hidden\" name=\"_wpcf7\" value=\"4\" \/>\n<input type=\"hidden\" name=\"_wpcf7_version\" value=\"5.4\" \/>\n<input type=\"hidden\" name=\"_wpcf7_locale\" value=\"fr_FR\" \/>\n<input type=\"hidden\" name=\"_wpcf7_unit_tag\" value=\"wpcf7-f4-o1\" \/>\n<input type=\"hidden\" name=\"_wpcf7_container_post\" value=\"0\" \/>\n<input type=\"hidden\" name=\"_wpcf7_posted_data_hash\" value=\"\" \/>\n<\/div>\n<p style=\"text-align: center;\">Votre nom*<br \/>\n<span class=\"wpcf7-form-control-wrap your-name\"><input type=\"text\" name=\"your-name\" placeholder=\"...\" value=\"\" size=\"60\" class=\"wpcf7-form-control wpcf7-text wpcf7-validates-as-required\" aria-required=\"true\" aria-invalid=\"false\"><\/span><br>\n<\/p>\n<p style=\"text-align: center;\">Votre email*<br \/>\n<span class=\"wpcf7-form-control-wrap your-email\"><input type=\"email\" name=\"your-email\" placeholder=\"...\" value=\"\" size=\"60\" class=\"wpcf7-form-control wpcf7-text wpcf7-email wpcf7-validates-as-required wpcf7-validates-as-email\" aria-required=\"true\" aria-invalid=\"false\"><\/span>  <\/p>\n<p style=\"text-align: center;\">Sujet<br \/>\n<span class=\"wpcf7-form-control-wrap your-subject\"><input type=\"text\" name=\"your-subject\" placeholder=\"...\" value=\"\" size=\"60\" class=\"wpcf7-form-control wpcf7-text\" aria-invalid=\"false\"><\/span> <\/p>\n<p style=\"text-align: center;\">Votre message<br \/>\n<span class=\"wpcf7-form-control-wrap your-message\"><textarea name=\"your-message\" placeholder=\"Ecrivez ici votre demande...\" cols=\"60\" rows=\"10\" class=\"wpcf7-form-control wpcf7-textarea\" aria-invalid=\"false\"><\/textarea><\/span> <\/p>\n<p style=\"text-align: center;\"><input type=\"hidden\" name=\"_wpcf7_captcha_challenge_captcha-226\" value=\"1\" \/><img data-recalc-dims=\"1\" loading=\"lazy\" decoding=\"async\" class=\"wpcf7-form-control wpcf7-captchac wpcf7-captcha-captcha-226 bonjour\" id=\"bonjour\" width=\"72\" height=\"24\" alt=\"captcha\" src=\"https:\/\/i0.wp.com\/www.ama-idf.com\/wp-content\/uploads\/wpcf7_captcha\/1.png?resize=72%2C24\" \/> <span class=\"wpcf7-form-control-wrap captcha-226\"><input type=\"text\" name=\"captcha-226\" value=\"\" size=\"40\" class=\"wpcf7-form-control wpcf7-captchar bonjour\" id=\"bonjour\" autocomplete=\"off\" aria-invalid=\"false\" \/><\/span><\/p>\n<p style=\"text-align: center;\"><input type=\"submit\" value=\"Envoyer\" class=\"wpcf7-form-control wpcf7-submit\" \/><\/p>\n<p style=\"display: none !important;\" class=\"akismet-fields-container\" data-prefix=\"_wpcf7_ak_\"><label>&#916;<textarea name=\"_wpcf7_ak_hp_textarea\" cols=\"45\" rows=\"8\" maxlength=\"100\"><\/textarea><\/label><input type=\"hidden\" id=\"ak_js_1\" name=\"_wpcf7_ak_js\" value=\"173\"\/><script type=\"text\/javascript\">\n\/* <![CDATA[ *\/\ndocument.getElementById( \"ak_js_1\" ).setAttribute( \"value\", ( new Date() ).getTime() );\n\/* ]]> *\/\n<\/script>\n<\/p><div class=\"wpcf7-response-output\" aria-hidden=\"true\"><\/div><\/form><\/div>\n<\/div>\n<\/div>\n<\/div>\n<\/div>\n<\/div><\/div>\n<\/div><\/div>\n\n\n\n<h2 class=\"has-text-align-center wp-block-heading\">Nos agences<\/h2>\n\n\n\n<div style=\"height:12px\" aria-hidden=\"true\" class=\"wp-block-spacer\"><\/div>\n\n\n\n<div class=\"wp-block-columns are-vertically-aligned-center has-black-color has-text-color is-layout-flex wp-container-core-columns-is-layout-9d6595d7 wp-block-columns-is-layout-flex\">\n<div class=\"wp-block-column is-vertically-aligned-center is-layout-flow wp-block-column-is-layout-flow\">\n<iframe src=\"https:\/\/www.google.com\/maps\/embed?pb=!1m18!1m12!1m3!1d42110.706855836324!2d2.237668811555797!3d48.726135976182576!2m3!1f0!2f0!3f0!3m2!1i1024!2i768!4f13.1!3m3!1m2!1s0x47e67771496a85d3%3A0x19930fa472c2e8b4!2sAMA%20Paris%20Ile%20de%20France%20Portes%20et%20Portails%20Automatiques!5e0!3m2!1sfr!2sfr!4v1715876784365!5m2!1sfr!2sfr\" width=\"400\" height=\"300\" style=\"border:0;\" allowfullscreen=\"\" loading=\"lazy\" referrerpolicy=\"no-referrer-when-downgrade\"><\/iframe>\n<\/div>\n\n\n\n<div class=\"wp-block-column is-vertically-aligned-center is-layout-flow wp-block-column-is-layout-flow\">\n<iframe src=\"https:\/\/www.google.com\/maps\/embed?pb=!1m18!1m12!1m3!1d2620.0384198832094!2d2.2028110767767384!3d48.9527542940608!2m3!1f0!2f0!3f0!3m2!1i1024!2i768!4f13.1!3m3!1m2!1s0x47e666b099bb756d%3A0xf71e555b1a8b3705!2sAMA%20PARIS%20Ile%20de%20France%20Portes%20et%20Portails%20Automatiques!5e0!3m2!1sfr!2sfr!4v1715876953437!5m2!1sfr!2sfr\" width=\"400\" height=\"300\" style=\"border:0;\" allowfullscreen=\"\" loading=\"lazy\" referrerpolicy=\"no-referrer-when-downgrade\"><\/iframe>\n<\/div>\n<\/div>\n\n\n\n<div class=\"wp-block-columns are-vertically-aligned-center is-layout-flex wp-container-core-columns-is-layout-9d6595d7 wp-block-columns-is-layout-flex\">\n<div class=\"wp-block-column is-vertically-aligned-center is-layout-flow wp-block-column-is-layout-flow\">\n<figure class=\"wp-block-table is-style-stripes\"><table><tbody><tr><td class=\"has-text-align-center\" data-align=\"center\"><strong>Agence Paris Nord<\/strong><\/td><td class=\"has-text-align-center\" data-align=\"center\"><strong>Agence Paris Sud<\/strong><\/td><\/tr><tr><td class=\"has-text-align-center\" data-align=\"center\">174 Boulevard Joffre<br>95240 Cormeilles en Parisis<\/td><td class=\"has-text-align-center\" data-align=\"center\">17, rue du saule trapu<br>91300 Massy<\/td><\/tr><\/tbody><\/table><\/figure>\n<\/div>\n<\/div>\n\n\n\n<div class=\"wp-block-columns is-layout-flex wp-container-core-columns-is-layout-9d6595d7 wp-block-columns-is-layout-flex\">\n<div class=\"wp-block-column is-layout-flow wp-block-column-is-layout-flow\">\n<h2 class=\"has-text-align-center wp-block-heading\">Horaires d&rsquo;ouverture<\/h2>\n\n\n\n<p class=\"has-text-align-center\">Du Lundi au Vendredi&nbsp;: 8h-12h et 14h-18h<br>Le Samedi : 10h-12h30 et 13h30-17h30<\/p>\n<\/div>\n<\/div>\n","protected":false},"excerpt":{"rendered":"<p>Contactez-nous Nos agences Agence Paris Nord Agence Paris Sud 174 Boulevard Joffre95240 Cormeilles en Parisis 17, rue du saule trapu91300 Massy Horaires d&rsquo;ouverture Du Lundi au Vendredi&nbsp;: 8h-12h et 14h-18hLe Samedi : 10h-12h30 et 13h30-17h30<\/p>\n","protected":false},"author":1,"featured_media":0,"parent":0,"menu_order":28,"comment_status":"closed","ping_status":"open","template":"page-fullwidth.php","meta":{"_monsterinsights_skip_tracking":false,"_monsterinsights_sitenote_active":false,"_monsterinsights_sitenote_note":"","_monsterinsights_sitenote_category":0,"jetpack_post_was_ever_published":false,"footnotes":""},"class_list":["post-2","page","type-page","status-publish","hentry"],"jetpack_shortlink":"https:\/\/wp.me\/P6sqzA-2","jetpack-related-posts":[{"id":530,"url":"http:\/\/www.ama-idf.com\/professionnel\/acces-pieton\/","url_meta":{"origin":2,"position":0},"title":"Acc\u00e8s Pi\u00e9ton","author":"ama@officiel.fr","date":"26 ao\u00fbt 2015","format":false,"excerpt":"Acc\u00e8s Pi\u00e9ton Tripodes, portillons tournant, couloirs rapide, tourniquet tambours sont des produits permettant le contr\u00f4le ainsi que la v\u00e9rification du passage des personnes et de pi\u00e9ton, ils sont utilis\u00e9s pour s\u00e9parer une zone de libre acc\u00e8s d\u2019une zone accessible uniquement aux usagers ayant un droit d'acc\u00e8s d\u00e9fini. Porte automatique pour\u2026","rel":"","context":"Article similaire","block_context":{"text":"Article similaire","link":""},"img":{"alt_text":"porte automatique cintree","src":"https:\/\/i0.wp.com\/www.ama-idf.com\/wp-content\/uploads\/2015\/07\/portecintre1.jpg?resize=350%2C200","width":350,"height":200},"classes":[]},{"id":165,"url":"http:\/\/www.ama-idf.com\/professionnel\/installation-maintenance\/","url_meta":{"origin":2,"position":1},"title":"Votre expert en automatismes et s\u00e9curit\u00e9 sur mesure en Ile de France","author":"ama@officiel.fr","date":"28 juin 2015","format":false,"excerpt":"Installation Une Installation cl\u00e9 en main : Portes sectionnelles, Portes basculantes, Portes coch\u00e8res, Portes accord\u00e9ons, Portes \u00e0 enroulement rapide rigide ou souple, Portes compacts Portails coulissants sur rails, t\u00e9lescopiques ou autoportants, Portails battants 1 ou 2 vantaux Portails accord\u00e9ons Portillons Portails rapides Bornes escamotables, Herses anti franchissements, Barri\u00e8res Levantes Barri\u00e8res\u2026","rel":"","context":"Avec 7 commentaires","block_context":{"text":"Avec 7 commentaires","link":"http:\/\/www.ama-idf.com\/professionnel\/installation-maintenance\/#comments"},"img":{"alt_text":"","src":"","width":0,"height":0},"classes":[]},{"id":1656,"url":"http:\/\/www.ama-idf.com\/professionnel\/conditions-de-ventes\/","url_meta":{"origin":2,"position":2},"title":"Conditions de Ventes","author":"ama@officiel.fr","date":"11 janvier 2021","format":false,"excerpt":"CONDITIONS GENERALES DE VENTE - A.M.A. PARIS ILE DE FRANCE Article 1 : Dispositions g\u00e9n\u00e9rales Les pr\u00e9sentes Conditions G\u00e9n\u00e9rales de Vente de prestations de services, ci-apr\u00e8s d\u00e9nomm\u00e9es CGV, constituent l\u2019accord r\u00e9gissant pendant sa dur\u00e9e, les relations entre la soci\u00e9t\u00e9 A.M.A. PARIS ILE DE FRANCE, ci-apr\u00e8s d\u00e9nomm\u00e9 le Prestataire et ses\u2026","rel":"","context":"Article similaire","block_context":{"text":"Article similaire","link":""},"img":{"alt_text":"","src":"","width":0,"height":0},"classes":[]},{"id":1351,"url":"http:\/\/www.ama-idf.com\/professionnel\/produits-hormann\/","url_meta":{"origin":2,"position":3},"title":"Produits Hormann : L&rsquo;Excellence en Menuiseries","author":"ama@officiel.fr","date":"7 ao\u00fbt 2016","format":false,"excerpt":"Fabricant leader europ\u00e9en de portes, blocs-portes, huisseries et motorisations, H\u00f6rmann est une r\u00e9f\u00e9rence internationale reconnue pour la qualit\u00e9, la fiabilit\u00e9 et la long\u00e9vit\u00e9 de ses \u00e9quipements. Ses usines hautement sp\u00e9cialis\u00e9es d\u00e9veloppent des solutions alliant innovation, s\u00e9curit\u00e9 de fonctionnement et performance durable, adapt\u00e9es aux b\u00e2timents industriels, tertiaires et commerciaux. AMA PARIS\u2026","rel":"","context":"Article similaire","block_context":{"text":"Article similaire","link":""},"img":{"alt_text":"","src":"https:\/\/i0.wp.com\/www.ama-idf.com\/wp-content\/uploads\/2026\/01\/Logo-Partenaire-Ind-Service-FR-Blau.jpg?resize=350%2C200","width":350,"height":200,"srcset":"https:\/\/i0.wp.com\/www.ama-idf.com\/wp-content\/uploads\/2026\/01\/Logo-Partenaire-Ind-Service-FR-Blau.jpg?resize=350%2C200 1x, https:\/\/i0.wp.com\/www.ama-idf.com\/wp-content\/uploads\/2026\/01\/Logo-Partenaire-Ind-Service-FR-Blau.jpg?resize=525%2C300 1.5x, https:\/\/i0.wp.com\/www.ama-idf.com\/wp-content\/uploads\/2026\/01\/Logo-Partenaire-Ind-Service-FR-Blau.jpg?resize=700%2C400 2x, https:\/\/i0.wp.com\/www.ama-idf.com\/wp-content\/uploads\/2026\/01\/Logo-Partenaire-Ind-Service-FR-Blau.jpg?resize=1050%2C600 3x, https:\/\/i0.wp.com\/www.ama-idf.com\/wp-content\/uploads\/2026\/01\/Logo-Partenaire-Ind-Service-FR-Blau.jpg?resize=1400%2C800 4x"},"classes":[]},{"id":854,"url":"http:\/\/www.ama-idf.com\/professionnel\/nos-photos-porte-de-garage\/","url_meta":{"origin":2,"position":4},"title":"Galerie Photos &#8211; Porte de garage","author":"ama@officiel.fr","date":"24 juillet 2016","format":false,"excerpt":"Galerie Photos\u00a0- Porte de garage Voici quelques photos de porte de garage install\u00e9s par AMA.","rel":"","context":"Article similaire","block_context":{"text":"Article similaire","link":""},"img":{"alt_text":"rideau_a_lame","src":"https:\/\/i0.wp.com\/www.ama-idf.com\/wp-content\/uploads\/2016\/07\/rideau_a_lame.jpg?resize=350%2C200","width":350,"height":200,"srcset":"https:\/\/i0.wp.com\/www.ama-idf.com\/wp-content\/uploads\/2016\/07\/rideau_a_lame.jpg?resize=350%2C200 1x, https:\/\/i0.wp.com\/www.ama-idf.com\/wp-content\/uploads\/2016\/07\/rideau_a_lame.jpg?resize=525%2C300 1.5x, https:\/\/i0.wp.com\/www.ama-idf.com\/wp-content\/uploads\/2016\/07\/rideau_a_lame.jpg?resize=700%2C400 2x"},"classes":[]},{"id":158,"url":"http:\/\/www.ama-idf.com\/professionnel\/les-barrieres-et-bornes\/","url_meta":{"origin":2,"position":5},"title":"Les Barri\u00e8res et Bornes escamotables automatiques","author":"ama@officiel.fr","date":"28 juin 2015","format":false,"excerpt":"Les Barri\u00e8res et Bornes escamotables automatiques \u00a0 Borne Escamotable M\u00e9canique ou Automatique \u00a0 La borne escamotable J275 offre une aide et une solution intelligente en substitution des portails, des cha\u00eenes et autres, en permettant de r\u00e9glementer l\u2019entr\u00e9e et\/ou la sortie de v\u00e9hicules dans certaines zones et d\u2019en emp\u00eacher le stationnement\u2026","rel":"","context":"Avec 3 commentaires","block_context":{"text":"Avec 3 commentaires","link":"http:\/\/www.ama-idf.com\/professionnel\/les-barrieres-et-bornes\/#comments"},"img":{"alt_text":"barri\u00e8re levante Faac","src":"https:\/\/i0.wp.com\/www.ama-idf.com\/wp-content\/uploads\/2015\/06\/barri%C3%A8reslevante1.jpg?resize=350%2C200","width":350,"height":200,"srcset":"https:\/\/i0.wp.com\/www.ama-idf.com\/wp-content\/uploads\/2015\/06\/barri%C3%A8reslevante1.jpg?resize=350%2C200 1x, https:\/\/i0.wp.com\/www.ama-idf.com\/wp-content\/uploads\/2015\/06\/barri%C3%A8reslevante1.jpg?resize=525%2C300 1.5x, https:\/\/i0.wp.com\/www.ama-idf.com\/wp-content\/uploads\/2015\/06\/barri%C3%A8reslevante1.jpg?resize=700%2C400 2x"},"classes":[]}],"jetpack_sharing_enabled":true,"_links":{"self":[{"href":"http:\/\/www.ama-idf.com\/professionnel\/wp-json\/wp\/v2\/pages\/2","targetHints":{"allow":["GET"]}}],"collection":[{"href":"http:\/\/www.ama-idf.com\/professionnel\/wp-json\/wp\/v2\/pages"}],"about":[{"href":"http:\/\/www.ama-idf.com\/professionnel\/wp-json\/wp\/v2\/types\/page"}],"author":[{"embeddable":true,"href":"http:\/\/www.ama-idf.com\/professionnel\/wp-json\/wp\/v2\/users\/1"}],"replies":[{"embeddable":true,"href":"http:\/\/www.ama-idf.com\/professionnel\/wp-json\/wp\/v2\/comments?post=2"}],"version-history":[{"count":61,"href":"http:\/\/www.ama-idf.com\/professionnel\/wp-json\/wp\/v2\/pages\/2\/revisions"}],"predecessor-version":[{"id":1786,"href":"http:\/\/www.ama-idf.com\/professionnel\/wp-json\/wp\/v2\/pages\/2\/revisions\/1786"}],"wp:attachment":[{"href":"http:\/\/www.ama-idf.com\/professionnel\/wp-json\/wp\/v2\/media?parent=2"}],"curies":[{"name":"wp","href":"https:\/\/api.w.org\/{rel}","templated":true}]}}